{"id":42,"date":"2019-12-21T19:08:13","date_gmt":"2019-12-21T19:08:13","guid":{"rendered":"http:\/\/zagorscypracownia.art\/?page_id=42"},"modified":"2020-08-10T13:32:37","modified_gmt":"2020-08-10T13:32:37","slug":"konserwacja-drewna","status":"publish","type":"page","link":"https:\/\/zagorscypracownia.art\/index.php\/konserwacja-drewna\/","title":{"rendered":"Konserwacja drewna"},"content":{"rendered":"\n<p>Wykonujemy konserwacj\u0119 drewnianych rze\u017ab polichromowanych, prospekt\u00f3w organowych oraz mebli. Nasza praca charakteryzuje si\u0119 dba\u0142o\u015bci\u0105&nbsp; o jako\u015b\u0107 wykonania z u\u017cyciem najlepszych dost\u0119pnych materia\u0142\u00f3w&nbsp; konserwatorskich.<\/p>\n\n\n\n<p>Pracujemy nad obiektem usuwaj\u0105c przemalowania, stare zaprawy, dezynfekujemy drewno a nast\u0119pnie utwardzany, uzupe\u0142niamy ubytki drewna, zak\u0142adamy kity drewniane. Prowadzimy r\u00f3wnie\u017c konserwacj\u0119 z\u0142oce\u0144, odtwarzamy\u00a0polichromie. <\/p>\n","protected":false},"excerpt":{"rendered":"<p>Wykonujemy konserwacj\u0119 drewnianych rze\u017ab polichromowanych, prospekt\u00f3w organowych oraz mebli. Nasza praca charakteryzuje si\u0119 dba\u0142o\u015bci\u0105&nbsp; o jako\u015b\u0107 wykonania z u\u017cyciem najlepszych dost\u0119pnych materia\u0142\u00f3w&nbsp; konserwatorskich. Pracujemy nad obiektem usuwaj\u0105c przemalowania, stare zaprawy, dezynfekujemy drewno a nast\u0119pnie utwardzany, uzupe\u0142niamy ubytki drewna, zak\u0142adamy kity drewniane. Prowadzimy r\u00f3wnie\u017c konserwacj\u0119 z\u0142oce\u0144, odtwarzamy\u00a0polichromie.<\/p>\n","protected":false},"author":1,"featured_media":0,"parent":0,"menu_order":0,"comment_status":"closed","ping_status":"closed","template":"","meta":{"footnotes":""},"class_list":["post-42","page","type-page","status-publish","hentry"],"_links":{"self":[{"href":"https:\/\/zagorscypracownia.art\/index.php\/wp-json\/wp\/v2\/pages\/42","targetHints":{"allow":["GET"]}}],"collection":[{"href":"https:\/\/zagorscypracownia.art\/index.php\/wp-json\/wp\/v2\/pages"}],"about":[{"href":"https:\/\/zagorscypracownia.art\/index.php\/wp-json\/wp\/v2\/types\/page"}],"author":[{"embeddable":true,"href":"https:\/\/zagorscypracownia.art\/index.php\/wp-json\/wp\/v2\/users\/1"}],"replies":[{"embeddable":true,"href":"https:\/\/zagorscypracownia.art\/index.php\/wp-json\/wp\/v2\/comments?post=42"}],"version-history":[{"count":4,"href":"https:\/\/zagorscypracownia.art\/index.php\/wp-json\/wp\/v2\/pages\/42\/revisions"}],"predecessor-version":[{"id":365,"href":"https:\/\/zagorscypracownia.art\/index.php\/wp-json\/wp\/v2\/pages\/42\/revisions\/365"}],"wp:attachment":[{"href":"https:\/\/zagorscypracownia.art\/index.php\/wp-json\/wp\/v2\/media?parent=42"}],"curies":[{"name":"wp","href":"https:\/\/api.w.org\/{rel}","templated":true}]}}