{"id":237,"date":"2020-08-02T16:33:09","date_gmt":"2020-08-02T16:33:09","guid":{"rendered":"http:\/\/zagorscypracownia.art\/?page_id=237"},"modified":"2020-08-02T16:33:09","modified_gmt":"2020-08-02T16:33:09","slug":"brama-kosciola-pw-sw-rocha-jazgarzew","status":"publish","type":"page","link":"https:\/\/zagorscypracownia.art\/index.php\/brama-kosciola-pw-sw-rocha-jazgarzew\/","title":{"rendered":"Brama Ko\u015bcio\u0142a pw. \u015bw. Rocha, Jazgarzew"},"content":{"rendered":"\n<figure class=\"wp-block-gallery columns-1 is-cropped wp-block-gallery-1 is-layout-flex wp-block-gallery-is-layout-flex\"><ul class=\"blocks-gallery-grid\"><li class=\"blocks-gallery-item\"><figure><img fetchpriority=\"high\" decoding=\"async\" width=\"1024\" height=\"682\" src=\"http:\/\/zagorscypracownia.art\/wp-content\/uploads\/2020\/08\/9-1-1024x682.jpg\" alt=\"\" data-id=\"241\" data-full-url=\"http:\/\/zagorscypracownia.art\/wp-content\/uploads\/2020\/08\/9-1.jpg\" data-link=\"http:\/\/zagorscypracownia.art\/?attachment_id=241\" class=\"wp-image-241\" srcset=\"https:\/\/zagorscypracownia.art\/wp-content\/uploads\/2020\/08\/9-1-1024x682.jpg 1024w, https:\/\/zagorscypracownia.art\/wp-content\/uploads\/2020\/08\/9-1-300x200.jpg 300w, https:\/\/zagorscypracownia.art\/wp-content\/uploads\/2020\/08\/9-1-768x512.jpg 768w, https:\/\/zagorscypracownia.art\/wp-content\/uploads\/2020\/08\/9-1-1536x1024.jpg 1536w, https:\/\/zagorscypracownia.art\/wp-content\/uploads\/2020\/08\/9-1.jpg 2000w\" sizes=\"(max-width: 1024px) 100vw, 1024px\" \/><\/figure><\/li><\/ul><\/figure>\n\n\n\n<figure class=\"wp-block-gallery columns-1 is-cropped wp-block-gallery-2 is-layout-flex wp-block-gallery-is-layout-flex\"><ul class=\"blocks-gallery-grid\"><li class=\"blocks-gallery-item\"><figure><img decoding=\"async\" width=\"1024\" height=\"682\" src=\"http:\/\/zagorscypracownia.art\/wp-content\/uploads\/2020\/08\/12-1024x682.jpg\" alt=\"\" data-id=\"248\" data-link=\"http:\/\/zagorscypracownia.art\/?attachment_id=248\" class=\"wp-image-248\" srcset=\"https:\/\/zagorscypracownia.art\/wp-content\/uploads\/2020\/08\/12-1024x682.jpg 1024w, https:\/\/zagorscypracownia.art\/wp-content\/uploads\/2020\/08\/12-300x200.jpg 300w, https:\/\/zagorscypracownia.art\/wp-content\/uploads\/2020\/08\/12-768x512.jpg 768w, https:\/\/zagorscypracownia.art\/wp-content\/uploads\/2020\/08\/12-1536x1024.jpg 1536w, https:\/\/zagorscypracownia.art\/wp-content\/uploads\/2020\/08\/12.jpg 2000w\" sizes=\"(max-width: 1024px) 100vw, 1024px\" \/><figcaption class=\"blocks-gallery-item__caption\">Brama przed rozpocz\u0119ciem prac.<\/figcaption><\/figure><\/li><\/ul><\/figure>\n\n\n\n<figure class=\"wp-block-gallery columns-2 is-cropped wp-block-gallery-3 is-layout-flex wp-block-gallery-is-layout-flex\"><ul class=\"blocks-gallery-grid\"><li class=\"blocks-gallery-item\"><figure><img decoding=\"async\" width=\"682\" height=\"1024\" src=\"http:\/\/zagorscypracownia.art\/wp-content\/uploads\/2020\/08\/7-1-682x1024.jpg\" alt=\"\" data-id=\"242\" data-link=\"http:\/\/zagorscypracownia.art\/?attachment_id=242\" class=\"wp-image-242\" srcset=\"https:\/\/zagorscypracownia.art\/wp-content\/uploads\/2020\/08\/7-1-682x1024.jpg 682w, https:\/\/zagorscypracownia.art\/wp-content\/uploads\/2020\/08\/7-1-200x300.jpg 200w, https:\/\/zagorscypracownia.art\/wp-content\/uploads\/2020\/08\/7-1-768x1152.jpg 768w, https:\/\/zagorscypracownia.art\/wp-content\/uploads\/2020\/08\/7-1-1024x1536.jpg 1024w, https:\/\/zagorscypracownia.art\/wp-content\/uploads\/2020\/08\/7-1.jpg 1333w\" sizes=\"(max-width: 682px) 100vw, 682px\" \/><\/figure><\/li><li class=\"blocks-gallery-item\"><figure><img loading=\"lazy\" decoding=\"async\" width=\"682\" height=\"1024\" src=\"http:\/\/zagorscypracownia.art\/wp-content\/uploads\/2020\/08\/3-3-682x1024.jpg\" alt=\"\" data-id=\"258\" data-full-url=\"http:\/\/zagorscypracownia.art\/wp-content\/uploads\/2020\/08\/3-3.jpg\" data-link=\"http:\/\/zagorscypracownia.art\/?attachment_id=258\" class=\"wp-image-258\" srcset=\"https:\/\/zagorscypracownia.art\/wp-content\/uploads\/2020\/08\/3-3-682x1024.jpg 682w, https:\/\/zagorscypracownia.art\/wp-content\/uploads\/2020\/08\/3-3-200x300.jpg 200w, https:\/\/zagorscypracownia.art\/wp-content\/uploads\/2020\/08\/3-3-768x1152.jpg 768w, https:\/\/zagorscypracownia.art\/wp-content\/uploads\/2020\/08\/3-3-1024x1536.jpg 1024w, https:\/\/zagorscypracownia.art\/wp-content\/uploads\/2020\/08\/3-3.jpg 1333w\" sizes=\"(max-width: 682px) 100vw, 682px\" \/><\/figure><\/li><\/ul><\/figure>\n\n\n\n<figure class=\"wp-block-gallery columns-1 is-cropped wp-block-gallery-4 is-layout-flex wp-block-gallery-is-layout-flex\"><ul class=\"blocks-gallery-grid\"><li class=\"blocks-gallery-item\"><figure><img loading=\"lazy\" decoding=\"async\" width=\"1024\" height=\"682\" src=\"http:\/\/zagorscypracownia.art\/wp-content\/uploads\/2020\/08\/11-1024x682.jpg\" alt=\"\" data-id=\"246\" data-full-url=\"http:\/\/zagorscypracownia.art\/wp-content\/uploads\/2020\/08\/11.jpg\" data-link=\"http:\/\/zagorscypracownia.art\/?attachment_id=246\" class=\"wp-image-246\" srcset=\"https:\/\/zagorscypracownia.art\/wp-content\/uploads\/2020\/08\/11-1024x682.jpg 1024w, https:\/\/zagorscypracownia.art\/wp-content\/uploads\/2020\/08\/11-300x200.jpg 300w, https:\/\/zagorscypracownia.art\/wp-content\/uploads\/2020\/08\/11-768x512.jpg 768w, https:\/\/zagorscypracownia.art\/wp-content\/uploads\/2020\/08\/11-1536x1024.jpg 1536w, https:\/\/zagorscypracownia.art\/wp-content\/uploads\/2020\/08\/11.jpg 2000w\" sizes=\"(max-width: 1024px) 100vw, 1024px\" \/><\/figure><\/li><\/ul><\/figure>\n\n\n\n<figure class=\"wp-block-gallery columns-2 is-cropped wp-block-gallery-5 is-layout-flex wp-block-gallery-is-layout-flex\"><ul class=\"blocks-gallery-grid\"><li class=\"blocks-gallery-item\"><figure><img loading=\"lazy\" decoding=\"async\" width=\"682\" height=\"1024\" src=\"http:\/\/zagorscypracownia.art\/wp-content\/uploads\/2020\/08\/2-4-682x1024.jpg\" alt=\"\" data-id=\"254\" data-full-url=\"http:\/\/zagorscypracownia.art\/wp-content\/uploads\/2020\/08\/2-4.jpg\" data-link=\"http:\/\/zagorscypracownia.art\/?attachment_id=254\" class=\"wp-image-254\" srcset=\"https:\/\/zagorscypracownia.art\/wp-content\/uploads\/2020\/08\/2-4-682x1024.jpg 682w, https:\/\/zagorscypracownia.art\/wp-content\/uploads\/2020\/08\/2-4-200x300.jpg 200w, https:\/\/zagorscypracownia.art\/wp-content\/uploads\/2020\/08\/2-4-768x1152.jpg 768w, https:\/\/zagorscypracownia.art\/wp-content\/uploads\/2020\/08\/2-4-1024x1536.jpg 1024w, https:\/\/zagorscypracownia.art\/wp-content\/uploads\/2020\/08\/2-4.jpg 1333w\" sizes=\"(max-width: 682px) 100vw, 682px\" \/><\/figure><\/li><li class=\"blocks-gallery-item\"><figure><img loading=\"lazy\" decoding=\"async\" width=\"682\" height=\"1024\" src=\"http:\/\/zagorscypracownia.art\/wp-content\/uploads\/2020\/08\/5-3-682x1024.jpg\" alt=\"\" data-id=\"256\" data-full-url=\"http:\/\/zagorscypracownia.art\/wp-content\/uploads\/2020\/08\/5-3.jpg\" data-link=\"http:\/\/zagorscypracownia.art\/?attachment_id=256\" class=\"wp-image-256\" srcset=\"https:\/\/zagorscypracownia.art\/wp-content\/uploads\/2020\/08\/5-3-682x1024.jpg 682w, https:\/\/zagorscypracownia.art\/wp-content\/uploads\/2020\/08\/5-3-200x300.jpg 200w, https:\/\/zagorscypracownia.art\/wp-content\/uploads\/2020\/08\/5-3-768x1152.jpg 768w, https:\/\/zagorscypracownia.art\/wp-content\/uploads\/2020\/08\/5-3-1024x1536.jpg 1024w, https:\/\/zagorscypracownia.art\/wp-content\/uploads\/2020\/08\/5-3.jpg 1333w\" sizes=\"(max-width: 682px) 100vw, 682px\" \/><\/figure><\/li><\/ul><\/figure>\n\n\n\n<figure class=\"wp-block-gallery columns-1 is-cropped wp-block-gallery-6 is-layout-flex wp-block-gallery-is-layout-flex\"><ul class=\"blocks-gallery-grid\"><li class=\"blocks-gallery-item\"><figure><img loading=\"lazy\" decoding=\"async\" width=\"682\" height=\"1024\" src=\"http:\/\/zagorscypracownia.art\/wp-content\/uploads\/2020\/08\/1-3-682x1024.jpg\" alt=\"\" data-id=\"260\" data-full-url=\"http:\/\/zagorscypracownia.art\/wp-content\/uploads\/2020\/08\/1-3.jpg\" data-link=\"http:\/\/zagorscypracownia.art\/?attachment_id=260\" class=\"wp-image-260\" srcset=\"https:\/\/zagorscypracownia.art\/wp-content\/uploads\/2020\/08\/1-3-682x1024.jpg 682w, https:\/\/zagorscypracownia.art\/wp-content\/uploads\/2020\/08\/1-3-200x300.jpg 200w, https:\/\/zagorscypracownia.art\/wp-content\/uploads\/2020\/08\/1-3-768x1152.jpg 768w, https:\/\/zagorscypracownia.art\/wp-content\/uploads\/2020\/08\/1-3-1024x1536.jpg 1024w, https:\/\/zagorscypracownia.art\/wp-content\/uploads\/2020\/08\/1-3.jpg 1333w\" sizes=\"(max-width: 682px) 100vw, 682px\" \/><\/figure><\/li><\/ul><\/figure>\n","protected":false},"excerpt":{"rendered":"","protected":false},"author":1,"featured_media":0,"parent":0,"menu_order":0,"comment_status":"closed","ping_status":"closed","template":"","meta":{"footnotes":""},"class_list":["post-237","page","type-page","status-publish","hentry"],"_links":{"self":[{"href":"https:\/\/zagorscypracownia.art\/index.php\/wp-json\/wp\/v2\/pages\/237","targetHints":{"allow":["GET"]}}],"collection":[{"href":"https:\/\/zagorscypracownia.art\/index.php\/wp-json\/wp\/v2\/pages"}],"about":[{"href":"https:\/\/zagorscypracownia.art\/index.php\/wp-json\/wp\/v2\/types\/page"}],"author":[{"embeddable":true,"href":"https:\/\/zagorscypracownia.art\/index.php\/wp-json\/wp\/v2\/users\/1"}],"replies":[{"embeddable":true,"href":"https:\/\/zagorscypracownia.art\/index.php\/wp-json\/wp\/v2\/comments?post=237"}],"version-history":[{"count":1,"href":"https:\/\/zagorscypracownia.art\/index.php\/wp-json\/wp\/v2\/pages\/237\/revisions"}],"predecessor-version":[{"id":261,"href":"https:\/\/zagorscypracownia.art\/index.php\/wp-json\/wp\/v2\/pages\/237\/revisions\/261"}],"wp:attachment":[{"href":"https:\/\/zagorscypracownia.art\/index.php\/wp-json\/wp\/v2\/media?parent=237"}],"curies":[{"name":"wp","href":"https:\/\/api.w.org\/{rel}","templated":true}]}}