{"id":21,"date":"2019-12-21T18:50:59","date_gmt":"2019-12-21T18:50:59","guid":{"rendered":"http:\/\/zagorscypracownia.art\/?page_id=21"},"modified":"2020-08-08T14:12:24","modified_gmt":"2020-08-08T14:12:24","slug":"malarstwo-scienne","status":"publish","type":"page","link":"https:\/\/zagorscypracownia.art\/index.php\/malarstwo-scienne\/","title":{"rendered":"Malarstwo \u015bcienne"},"content":{"rendered":"\n<p>Zakres naszych dzia\u0142a\u0144 obejmuje malarstwo monumentalne, figuratywne, ornamentalne a tak\u017ce iluzjonistyczne. Ze wzgl\u0119du na specyfik\u0119 pod\u0142o\u017ca pracujemy g\u0142\u00f3wnie w technologii krzemowej, z u\u017cyciem najlepszych dost\u0119pnych na rynku farb mineralnych marki Keim. Farby te cechuje znakomita przepustowo\u015b\u0107 wilgoci, kt\u00f3ra pozwala \u015bcianie &#8222;oddycha\u0107&#8221;, zapewniaj\u0105c w ten spos\u00f3b trwa\u0142o\u015b\u0107 tynku i d\u0142ugowieczno\u015b\u0107 polichromii.\u00a0 Technologia mineralna \u015bwietnie sprawdza si\u0119 w malarstwie wewn\u0105trz pomieszcze\u0144 jak i na elewacji. Ponadto warto podkre\u015bli\u0107, \u017ce s\u0105 to farby ekologiczne i niealergiczne.<\/p>\n\n\n\n<p>Zapraszamy do zapoznania si\u0119 z naszymi dotychczasowymi realizacjami:<\/p>\n\n\n\n<div class=\"wp-block-group\"><div class=\"wp-block-group__inner-container is-layout-flow wp-block-group-is-layout-flow\">\n<div class=\"wp-block-group\"><div class=\"wp-block-group__inner-container is-layout-flow wp-block-group-is-layout-flow\">\n<div class=\"wp-block-media-text alignwide\" style=\"grid-template-columns:32% auto\"><figure class=\"wp-block-media-text__media\"><img fetchpriority=\"high\" decoding=\"async\" width=\"1024\" height=\"575\" src=\"http:\/\/zagorscypracownia.art\/wp-content\/uploads\/2020\/08\/7-copy-1024x575.jpg\" alt=\"\" class=\"wp-image-356\" srcset=\"https:\/\/zagorscypracownia.art\/wp-content\/uploads\/2020\/08\/7-copy-1024x575.jpg 1024w, https:\/\/zagorscypracownia.art\/wp-content\/uploads\/2020\/08\/7-copy-300x168.jpg 300w, https:\/\/zagorscypracownia.art\/wp-content\/uploads\/2020\/08\/7-copy-768x431.jpg 768w, https:\/\/zagorscypracownia.art\/wp-content\/uploads\/2020\/08\/7-copy-1536x862.jpg 1536w, https:\/\/zagorscypracownia.art\/wp-content\/uploads\/2020\/08\/7-copy.jpg 2000w\" sizes=\"(max-width: 1024px) 100vw, 1024px\" \/><\/figure><div class=\"wp-block-media-text__content\">\n<p style=\"font-size:18px\"><strong><a href=\"http:\/\/zagorscypracownia.art\/index.php\/nowy-kosciol-w-sarnakach\/\">Nowy Ko\u015bci\u00f3\u0142, <\/a><\/strong><br>Sarnaki<\/p>\n<\/div><\/div>\n\n\n\n<div class=\"wp-block-media-text alignwide\" style=\"grid-template-columns:32% auto\"><figure class=\"wp-block-media-text__media\"><img decoding=\"async\" width=\"1024\" height=\"575\" src=\"http:\/\/zagorscypracownia.art\/wp-content\/uploads\/2020\/08\/IMG_7675-cop1y-1024x575.jpg\" alt=\"\" class=\"wp-image-355\" srcset=\"https:\/\/zagorscypracownia.art\/wp-content\/uploads\/2020\/08\/IMG_7675-cop1y-1024x575.jpg 1024w, https:\/\/zagorscypracownia.art\/wp-content\/uploads\/2020\/08\/IMG_7675-cop1y-300x168.jpg 300w, https:\/\/zagorscypracownia.art\/wp-content\/uploads\/2020\/08\/IMG_7675-cop1y-768x431.jpg 768w, https:\/\/zagorscypracownia.art\/wp-content\/uploads\/2020\/08\/IMG_7675-cop1y-1536x862.jpg 1536w, https:\/\/zagorscypracownia.art\/wp-content\/uploads\/2020\/08\/IMG_7675-cop1y.jpg 2000w\" sizes=\"(max-width: 1024px) 100vw, 1024px\" \/><\/figure><div class=\"wp-block-media-text__content\">\n<p style=\"font-size:18px\"><strong><a href=\"http:\/\/zagorscypracownia.art\/index.php\/kosciol-makow-mazowiecki\/\">Ko\u015bci\u00f3\u0142 Rzymskokatolicki pw. Bo\u017cego Cia\u0142a, <\/a><\/strong><br>Mak\u00f3w Mazowiecki<\/p>\n<\/div><\/div>\n\n\n\n<div class=\"wp-block-media-text alignwide\" style=\"grid-template-columns:32% auto\"><figure class=\"wp-block-media-text__media\"><img decoding=\"async\" width=\"1024\" height=\"575\" src=\"http:\/\/zagorscypracownia.art\/wp-content\/uploads\/2020\/08\/IMG_7675-copy-1024x575.jpg\" alt=\"\" class=\"wp-image-354\" srcset=\"https:\/\/zagorscypracownia.art\/wp-content\/uploads\/2020\/08\/IMG_7675-copy-1024x575.jpg 1024w, https:\/\/zagorscypracownia.art\/wp-content\/uploads\/2020\/08\/IMG_7675-copy-300x168.jpg 300w, https:\/\/zagorscypracownia.art\/wp-content\/uploads\/2020\/08\/IMG_7675-copy-768x431.jpg 768w, https:\/\/zagorscypracownia.art\/wp-content\/uploads\/2020\/08\/IMG_7675-copy-1536x862.jpg 1536w, https:\/\/zagorscypracownia.art\/wp-content\/uploads\/2020\/08\/IMG_7675-copy.jpg 2000w\" sizes=\"(max-width: 1024px) 100vw, 1024px\" \/><\/figure><div class=\"wp-block-media-text__content\">\n<p style=\"font-size:18px\"><strong><a href=\"http:\/\/zagorscypracownia.art\/index.php\/kosciol-rzymskokatolicki-pw-sw-franciszka-z-asyzu-prazmow\/\">Ko\u015bci\u00f3\u0142 Rzymskokatolicki pw. \u015bw. Franciszka z Asy\u017cu, <\/a><\/strong><br>Pra\u017cm\u00f3w<\/p>\n<\/div><\/div>\n<\/div><\/div>\n<\/div><\/div>\n\n\n\n<p><\/p>\n","protected":false},"excerpt":{"rendered":"<p>Zakres naszych dzia\u0142a\u0144 obejmuje malarstwo monumentalne, figuratywne, ornamentalne a tak\u017ce iluzjonistyczne. Ze wzgl\u0119du na specyfik\u0119 pod\u0142o\u017ca pracujemy g\u0142\u00f3wnie w technologii krzemowej, z u\u017cyciem najlepszych dost\u0119pnych na rynku farb mineralnych marki Keim. Farby te cechuje znakomita przepustowo\u015b\u0107 wilgoci, kt\u00f3ra pozwala \u015bcianie &#8222;oddycha\u0107&#8221;, zapewniaj\u0105c w ten spos\u00f3b trwa\u0142o\u015b\u0107 tynku i d\u0142ugowieczno\u015b\u0107 polichromii.\u00a0 Technologia mineralna \u015bwietnie sprawdza si\u0119 &hellip; <a href=\"https:\/\/zagorscypracownia.art\/index.php\/malarstwo-scienne\/\" class=\"more-link\">Czytaj dalej <span class=\"screen-reader-text\">Malarstwo \u015bcienne<\/span><\/a><\/p>\n","protected":false},"author":1,"featured_media":0,"parent":0,"menu_order":0,"comment_status":"closed","ping_status":"closed","template":"","meta":{"footnotes":""},"class_list":["post-21","page","type-page","status-publish","hentry"],"_links":{"self":[{"href":"https:\/\/zagorscypracownia.art\/index.php\/wp-json\/wp\/v2\/pages\/21","targetHints":{"allow":["GET"]}}],"collection":[{"href":"https:\/\/zagorscypracownia.art\/index.php\/wp-json\/wp\/v2\/pages"}],"about":[{"href":"https:\/\/zagorscypracownia.art\/index.php\/wp-json\/wp\/v2\/types\/page"}],"author":[{"embeddable":true,"href":"https:\/\/zagorscypracownia.art\/index.php\/wp-json\/wp\/v2\/users\/1"}],"replies":[{"embeddable":true,"href":"https:\/\/zagorscypracownia.art\/index.php\/wp-json\/wp\/v2\/comments?post=21"}],"version-history":[{"count":15,"href":"https:\/\/zagorscypracownia.art\/index.php\/wp-json\/wp\/v2\/pages\/21\/revisions"}],"predecessor-version":[{"id":359,"href":"https:\/\/zagorscypracownia.art\/index.php\/wp-json\/wp\/v2\/pages\/21\/revisions\/359"}],"wp:attachment":[{"href":"https:\/\/zagorscypracownia.art\/index.php\/wp-json\/wp\/v2\/media?parent=21"}],"curies":[{"name":"wp","href":"https:\/\/api.w.org\/{rel}","templated":true}]}}